{"id":49,"date":"2021-01-19T19:25:49","date_gmt":"2021-01-19T18:25:49","guid":{"rendered":"https:\/\/navos.ch\/?page_id=49"},"modified":"2023-06-15T21:31:06","modified_gmt":"2023-06-15T19:31:06","slug":"der-verein","status":"publish","type":"page","link":"https:\/\/navos.ch\/?page_id=49","title":{"rendered":"Verein"},"content":{"rendered":"","protected":false},"excerpt":{"rendered":"","protected":false},"author":196019482,"featured_media":0,"parent":0,"menu_order":0,"comment_status":"closed","ping_status":"closed","template":"","meta":{"_coblocks_attr":"","_coblocks_dimensions":"","_coblocks_responsive_height":"","_coblocks_accordion_ie_support":"","footnotes":""},"class_list":["post-49","page","type-page","status-publish","hentry"],"yoast_head":"<!-- This site is optimized with the Yoast SEO plugin v20.8 - https:\/\/yoast.com\/wordpress\/plugins\/seo\/ -->\n<title>Verein - Natur- und Vogelschutzverein Stetten \/ K\u00fcnten<\/title>\n<meta name=\"robots\" content=\"index, follow, max-snippet:-1, max-image-preview:large, max-video-preview:-1\" \/>\n<link rel=\"canonical\" href=\"https:\/\/navos.ch\/?page_id=49\" \/>\n<meta property=\"og:locale\" content=\"de_DE\" \/>\n<meta property=\"og:type\" content=\"article\" \/>\n<meta property=\"og:title\" content=\"Verein - Natur- und Vogelschutzverein Stetten \/ K\u00fcnten\" \/>\n<meta property=\"og:url\" content=\"https:\/\/navos.ch\/?page_id=49\" \/>\n<meta property=\"og:site_name\" content=\"Natur- und Vogelschutzverein Stetten \/ K\u00fcnten\" \/>\n<meta property=\"article:modified_time\" content=\"2023-06-15T19:31:06+00:00\" \/>\n<meta name=\"twitter:card\" content=\"summary_large_image\" \/>\n<script type=\"application\/ld+json\" class=\"yoast-schema-graph\">{\"@context\":\"https:\/\/schema.org\",\"@graph\":[{\"@type\":\"WebPage\",\"@id\":\"https:\/\/navos.ch\/?page_id=49\",\"url\":\"https:\/\/navos.ch\/?page_id=49\",\"name\":\"Verein - Natur- und Vogelschutzverein Stetten \/ K\u00fcnten\",\"isPartOf\":{\"@id\":\"https:\/\/navos.ch\/#website\"},\"datePublished\":\"2021-01-19T18:25:49+00:00\",\"dateModified\":\"2023-06-15T19:31:06+00:00\",\"breadcrumb\":{\"@id\":\"https:\/\/navos.ch\/?page_id=49#breadcrumb\"},\"inLanguage\":\"de\",\"potentialAction\":[{\"@type\":\"ReadAction\",\"target\":[\"https:\/\/navos.ch\/?page_id=49\"]}]},{\"@type\":\"BreadcrumbList\",\"@id\":\"https:\/\/navos.ch\/?page_id=49#breadcrumb\",\"itemListElement\":[{\"@type\":\"ListItem\",\"position\":1,\"name\":\"Startseite\",\"item\":\"https:\/\/navos.ch\/\"},{\"@type\":\"ListItem\",\"position\":2,\"name\":\"Verein\"}]},{\"@type\":\"WebSite\",\"@id\":\"https:\/\/navos.ch\/#website\",\"url\":\"https:\/\/navos.ch\/\",\"name\":\"Natur- und Vogelschutzverein Stetten \/ K\u00fcnten\",\"description\":\"\",\"publisher\":{\"@id\":\"https:\/\/navos.ch\/#organization\"},\"potentialAction\":[{\"@type\":\"SearchAction\",\"target\":{\"@type\":\"EntryPoint\",\"urlTemplate\":\"https:\/\/navos.ch\/?s={search_term_string}\"},\"query-input\":\"required name=search_term_string\"}],\"inLanguage\":\"de\"},{\"@type\":\"Organization\",\"@id\":\"https:\/\/navos.ch\/#organization\",\"name\":\"Natur- und Vogelschutzverein Stetten \/ K\u00fcnten\",\"url\":\"https:\/\/navos.ch\/\",\"logo\":{\"@type\":\"ImageObject\",\"inLanguage\":\"de\",\"@id\":\"https:\/\/navos.ch\/#\/schema\/logo\/image\/\",\"url\":\"https:\/\/i0.wp.com\/navos.ch\/wp-content\/uploads\/2023\/11\/cropped-cropped-cropped-cropped-LOGO-500X500-Web-Background.jpg?fit=511%2C432&ssl=1\",\"contentUrl\":\"https:\/\/i0.wp.com\/navos.ch\/wp-content\/uploads\/2023\/11\/cropped-cropped-cropped-cropped-LOGO-500X500-Web-Background.jpg?fit=511%2C432&ssl=1\",\"width\":511,\"height\":432,\"caption\":\"Natur- und Vogelschutzverein Stetten \/ K\u00fcnten\"},\"image\":{\"@id\":\"https:\/\/navos.ch\/#\/schema\/logo\/image\/\"}}]}<\/script>\n<!-- \/ Yoast SEO plugin. -->","yoast_head_json":{"title":"Verein - Natur- und Vogelschutzverein Stetten \/ K\u00fcnten","robots":{"index":"index","follow":"follow","max-snippet":"max-snippet:-1","max-image-preview":"max-image-preview:large","max-video-preview":"max-video-preview:-1"},"canonical":"https:\/\/navos.ch\/?page_id=49","og_locale":"de_DE","og_type":"article","og_title":"Verein - Natur- und Vogelschutzverein Stetten \/ K\u00fcnten","og_url":"https:\/\/navos.ch\/?page_id=49","og_site_name":"Natur- und Vogelschutzverein Stetten \/ K\u00fcnten","article_modified_time":"2023-06-15T19:31:06+00:00","twitter_card":"summary_large_image","schema":{"@context":"https:\/\/schema.org","@graph":[{"@type":"WebPage","@id":"https:\/\/navos.ch\/?page_id=49","url":"https:\/\/navos.ch\/?page_id=49","name":"Verein - Natur- und Vogelschutzverein Stetten \/ K\u00fcnten","isPartOf":{"@id":"https:\/\/navos.ch\/#website"},"datePublished":"2021-01-19T18:25:49+00:00","dateModified":"2023-06-15T19:31:06+00:00","breadcrumb":{"@id":"https:\/\/navos.ch\/?page_id=49#breadcrumb"},"inLanguage":"de","potentialAction":[{"@type":"ReadAction","target":["https:\/\/navos.ch\/?page_id=49"]}]},{"@type":"BreadcrumbList","@id":"https:\/\/navos.ch\/?page_id=49#breadcrumb","itemListElement":[{"@type":"ListItem","position":1,"name":"Startseite","item":"https:\/\/navos.ch\/"},{"@type":"ListItem","position":2,"name":"Verein"}]},{"@type":"WebSite","@id":"https:\/\/navos.ch\/#website","url":"https:\/\/navos.ch\/","name":"Natur- und Vogelschutzverein Stetten \/ K\u00fcnten","description":"","publisher":{"@id":"https:\/\/navos.ch\/#organization"},"potentialAction":[{"@type":"SearchAction","target":{"@type":"EntryPoint","urlTemplate":"https:\/\/navos.ch\/?s={search_term_string}"},"query-input":"required name=search_term_string"}],"inLanguage":"de"},{"@type":"Organization","@id":"https:\/\/navos.ch\/#organization","name":"Natur- und Vogelschutzverein Stetten \/ K\u00fcnten","url":"https:\/\/navos.ch\/","logo":{"@type":"ImageObject","inLanguage":"de","@id":"https:\/\/navos.ch\/#\/schema\/logo\/image\/","url":"https:\/\/i0.wp.com\/navos.ch\/wp-content\/uploads\/2023\/11\/cropped-cropped-cropped-cropped-LOGO-500X500-Web-Background.jpg?fit=511%2C432&ssl=1","contentUrl":"https:\/\/i0.wp.com\/navos.ch\/wp-content\/uploads\/2023\/11\/cropped-cropped-cropped-cropped-LOGO-500X500-Web-Background.jpg?fit=511%2C432&ssl=1","width":511,"height":432,"caption":"Natur- und Vogelschutzverein Stetten \/ K\u00fcnten"},"image":{"@id":"https:\/\/navos.ch\/#\/schema\/logo\/image\/"}}]}},"jetpack_likes_enabled":true,"jetpack_sharing_enabled":true,"jetpack_shortlink":"https:\/\/wp.me\/PeSOXa-N","jetpack-related-posts":[{"id":9,"url":"https:\/\/navos.ch\/?page_id=9","url_meta":{"origin":49,"position":0},"title":"Portr\u00e4t","author":"navos2020","date":"19. November 2023","format":false,"excerpt":"Ach wie du ausholst, Vogel,nach deinem Herzen. \u00a0 \u00a0 \u00a0 Wer darfhoffen, dass Innresso entspr\u00e4nge aus ihmRainer Maria Rilke, Fr\u00fchling 1912, Duino Der Natur- und Vogelschutzverein wurde am 30. Januar 1937 auf Initiative von Lehrer Walter Fischer Stetten und Oskar Wettstein aus Niederrohrdorf gegr\u00fcndet. Die Aufgabe und das Ziel des\u2026","rel":"","context":"\u00c4hnlicher Beitrag","block_context":{"text":"\u00c4hnlicher Beitrag","link":""},"img":{"alt_text":"","src":"","width":0,"height":0},"classes":[]},{"id":169,"url":"https:\/\/navos.ch\/?page_id=169","url_meta":{"origin":49,"position":1},"title":"Chronik","author":"navos2020","date":"19. November 2023","format":false,"excerpt":"Was wir heute tun, entscheidet dar\u00fcber, wie die Welt morgen aussiehtMarie von Ebner-Eschenbach \u00a0 1937 Gr\u00fcndungs-Versammlung:\u00a030. Januar 1937 20.00 Uhr, Gasthaus Krone Stetten. Auf Initiative von Herrn Walter Fischer, Lehrer und Oskar Wettstein, Niederrohrdorf, wurde ein Gr\u00fcndungs-Referat \u00fcber Vogelschutz und Sch\u00e4dlingsbek\u00e4mpfung, mit Lichtbildern, abgehalten. Referent ist Herr Stirnemann, Aarau. Nach\u2026","rel":"","context":"\u00c4hnlicher Beitrag","block_context":{"text":"\u00c4hnlicher Beitrag","link":""},"img":{"alt_text":"","src":"","width":0,"height":0},"classes":[]},{"id":1195,"url":"https:\/\/navos.ch\/?page_id=1195","url_meta":{"origin":49,"position":2},"title":"Ornithologische Grundkurse","author":"Sarah Wettstein","date":"12. Juli 2023","format":false,"excerpt":"Neuer Grundkurs 2027 Nach dem erfolgreichen Botanischen Grundkurs 2025 werden wir wieder gemeinsam mit den umliegenden Vereinen einen Regionalen Ornithologischen Gundkurs anbieten. N\u00e4heres erahrt ihr demn\u00e4chst auf unserer Webseite. Erfolgreicher Abschluss des Ornithologischen Grundkurses 2023 26 Personen schlossen den ornithologischen Grundkurs der Region Mellingen, T\u00e4gerig, Niederrohrdorf und Stetten-K\u00fcnten erfolgreich ab.Thomas\u2026","rel":"","context":"\u00c4hnlicher Beitrag","block_context":{"text":"\u00c4hnlicher Beitrag","link":""},"img":{"alt_text":"","src":"https:\/\/i0.wp.com\/navos.ch\/wp-content\/uploads\/2023\/07\/Gruppenfoto-2-Ornithologischer-Einfuehrungskurs-2023-300x225.jpg?resize=350%2C200&ssl=1","width":350,"height":200},"classes":[]},{"id":379,"url":"https:\/\/navos.ch\/?page_id=379","url_meta":{"origin":49,"position":3},"title":"Spenden","author":"Sarah Wettstein","date":"22. November 2023","format":false,"excerpt":"M\u00f6chten Sie unseren kleinen Verein unterst\u00fctzen? Gerne nehmen wir Ihre Spende entgegen. Sie k\u00f6nnen Ihren Wunschbetrag auf unser Konto \u00fcberweisen: IBAN Nummer: CH42 8070 4000 0002 1620 2 Bankverbindung: Raiffeisenbank Aare-Reuss in 5507 Mellingen oder via QR-Code einzahlen: Den\u00a0 Jahresbeitrag sowie Spenden f\u00fcr den Natur- und Vogelschutzverein Stetten\/K\u00fcnten k\u00f6nnen Sie\u2026","rel":"","context":"\u00c4hnlicher Beitrag","block_context":{"text":"\u00c4hnlicher Beitrag","link":""},"img":{"alt_text":"","src":"https:\/\/i0.wp.com\/navos.ch\/wp-content\/uploads\/2023\/02\/qr-code_isoliert_navos-1.jpg?resize=350%2C200&ssl=1","width":350,"height":200},"classes":[]},{"id":6,"url":"https:\/\/navos.ch\/","url_meta":{"origin":49,"position":4},"title":"NAVOS Stetten \/ K\u00fcnten","author":"navos2020","date":"24. Januar 2024","format":false,"excerpt":"Erhalte Benachrichtigungen \u00fcber neue Inhalte direkt per E-Mail. Willkommen auf unserer Homepage Aktuelles Aus dem Verein Die Heckenpflege findet am 26. September ab 08:00 im Gebiet Honert in Stetten statt. Die Nistkastenreinigung in Stetten findet am 17. Oktober statt. Treffpunkt: 13:00 Uhr beim Gemeindehaus Stetten Die Nistkastenreinigung in K\u00fcnten findet\u2026","rel":"","context":"\u00c4hnlicher Beitrag","block_context":{"text":"\u00c4hnlicher Beitrag","link":""},"img":{"alt_text":"","src":"https:\/\/i0.wp.com\/navos.ch\/wp-content\/uploads\/2023\/11\/M7_MG_6673-scaled.jpg?resize=350%2C200&ssl=1","width":350,"height":200},"classes":[]},{"id":342,"url":"https:\/\/navos.ch\/?page_id=342","url_meta":{"origin":49,"position":5},"title":"Mitgliedschaft","author":"Sarah Wettstein","date":"24. Januar 2024","format":false,"excerpt":"Wir freuen uns \u00fcber... Stetterinnen und K\u00fcnter, \u00fcber K\u00fcnterinnen und Stetter, die zu einem lebendigen und zukunftsorientierten Umwelt- und Naturschutz um die Gemeinden Stetten und K\u00fcnten beitragen m\u00f6chten. Auch Interessierte aus umliegenden Gemeinden sind herzlich willkommen, im NAVOS mitzuwirken. Die Natur macht an den Gemeindegrenzen nicht Halt! helfende H\u00e4nde! M\u00f6chten\u2026","rel":"","context":"\u00c4hnlicher Beitrag","block_context":{"text":"\u00c4hnlicher Beitrag","link":""},"img":{"alt_text":"","src":"","width":0,"height":0},"classes":[]}],"_links":{"self":[{"href":"https:\/\/navos.ch\/index.php?rest_route=\/wp\/v2\/pages\/49","targetHints":{"allow":["GET"]}}],"collection":[{"href":"https:\/\/navos.ch\/index.php?rest_route=\/wp\/v2\/pages"}],"about":[{"href":"https:\/\/navos.ch\/index.php?rest_route=\/wp\/v2\/types\/page"}],"author":[{"embeddable":true,"href":"https:\/\/navos.ch\/index.php?rest_route=\/wp\/v2\/users\/196019482"}],"replies":[{"embeddable":true,"href":"https:\/\/navos.ch\/index.php?rest_route=%2Fwp%2Fv2%2Fcomments&post=49"}],"version-history":[{"count":27,"href":"https:\/\/navos.ch\/index.php?rest_route=\/wp\/v2\/pages\/49\/revisions"}],"predecessor-version":[{"id":1158,"href":"https:\/\/navos.ch\/index.php?rest_route=\/wp\/v2\/pages\/49\/revisions\/1158"}],"wp:attachment":[{"href":"https:\/\/navos.ch\/index.php?rest_route=%2Fwp%2Fv2%2Fmedia&parent=49"}],"curies":[{"name":"wp","href":"https:\/\/api.w.org\/{rel}","templated":true}]}}

<!-- This site is optimized with the Yoast SEO plugin v20.8 - https://yoast.com/wordpress/plugins/seo/ -->
<title>Verein - Natur- und Vogelschutzverein Stetten / Künten</title>
<meta name="robots" content="index, follow, max-snippet:-1, max-image-preview:large, max-video-preview:-1" />
<link rel="canonical" href="https://navos.ch/?page_id=49" />
<meta property="og:locale" content="de_DE" />
<meta property="og:type" content="article" />
<meta property="og:title" content="Verein - Natur- und Vogelschutzverein Stetten / Künten" />
<meta property="og:url" content="https://navos.ch/?page_id=49" />
<meta property="og:site_name" content="Natur- und Vogelschutzverein Stetten / Künten" />
<meta property="article:modified_time" content="2023-06-15T19:31:06+00:00" />
<meta name="twitter:card" content="summary_large_image" />
<script type="application/ld+json" class="yoast-schema-graph">{"@context":"https://schema.org","@graph":[{"@type":"WebPage","@id":"https://navos.ch/?page_id=49","url":"https://navos.ch/?page_id=49","name":"Verein - Natur- und Vogelschutzverein Stetten / Künten","isPartOf":{"@id":"https://navos.ch/#website"},"datePublished":"2021-01-19T18:25:49+00:00","dateModified":"2023-06-15T19:31:06+00:00","breadcrumb":{"@id":"https://navos.ch/?page_id=49#breadcrumb"},"inLanguage":"de","potentialAction":[{"@type":"ReadAction","target":["https://navos.ch/?page_id=49"]}]},{"@type":"BreadcrumbList","@id":"https://navos.ch/?page_id=49#breadcrumb","itemListElement":[{"@type":"ListItem","position":1,"name":"Startseite","item":"https://navos.ch/"},{"@type":"ListItem","position":2,"name":"Verein"}]},{"@type":"WebSite","@id":"https://navos.ch/#website","url":"https://navos.ch/","name":"Natur- und Vogelschutzverein Stetten / Künten","description":"","publisher":{"@id":"https://navos.ch/#organization"},"potentialAction":[{"@type":"SearchAction","target":{"@type":"EntryPoint","urlTemplate":"https://navos.ch/?s={search_term_string}"},"query-input":"required name=search_term_string"}],"inLanguage":"de"},{"@type":"Organization","@id":"https://navos.ch/#organization","name":"Natur- und Vogelschutzverein Stetten / Künten","url":"https://navos.ch/","logo":{"@type":"ImageObject","inLanguage":"de","@id":"https://navos.ch/#/schema/logo/image/","url":"https://i0.wp.com/navos.ch/wp-content/uploads/2023/11/cropped-cropped-cropped-cropped-LOGO-500X500-Web-Background.jpg?fit=511%2C432&ssl=1","contentUrl":"https://i0.wp.com/navos.ch/wp-content/uploads/2023/11/cropped-cropped-cropped-cropped-LOGO-500X500-Web-Background.jpg?fit=511%2C432&ssl=1","width":511,"height":432,"caption":"Natur- und Vogelschutzverein Stetten / Künten"},"image":{"@id":"https://navos.ch/#/schema/logo/image/"}}]}</script>
<!-- / Yoast SEO plugin. -->

Verein - Natur- und Vogelschutzverein Stetten / Künten

Natur- und Vogelschutzverein Stetten / Künten

Porträt

Ach wie du ausholst, Vogel,nach deinem Herzen.       Wer darfhoffen, dass Innresso entspränge aus ihmRainer Maria Rilke, Frühling 1912, Duino Der Natur- und Vogelschutzverein wurde am 30. Januar 1937 auf Initiative von Lehrer Walter Fischer Stetten und Oskar Wettstein aus Niederrohrdorf gegründet. Die Aufgabe und das Ziel des…

Ähnlicher Beitrag

Was wir heute tun, entscheidet darüber, wie die Welt morgen aussiehtMarie von Ebner-Eschenbach   1937 Gründungs-Versammlung: 30. Januar 1937 20.00 Uhr, Gasthaus Krone Stetten. Auf Initiative von Herrn Walter Fischer, Lehrer und Oskar Wettstein, Niederrohrdorf, wurde ein Gründungs-Referat über Vogelschutz und Schädlingsbekämpfung, mit Lichtbildern, abgehalten. Referent ist Herr Stirnemann, Aarau. Nach…

Neuer Grundkurs 2027 Nach dem erfolgreichen Botanischen Grundkurs 2025 werden wir wieder gemeinsam mit den umliegenden Vereinen einen Regionalen Ornithologischen Gundkurs anbieten. Näheres erahrt ihr demnächst auf unserer Webseite. Erfolgreicher Abschluss des Ornithologischen Grundkurses 2023 26 Personen schlossen den ornithologischen Grundkurs der Region Mellingen, Tägerig, Niederrohrdorf und Stetten-Künten erfolgreich ab.Thomas…

Möchten Sie unseren kleinen Verein unterstützen? Gerne nehmen wir Ihre Spende entgegen. Sie können Ihren Wunschbetrag auf unser Konto überweisen: IBAN Nummer: CH42 8070 4000 0002 1620 2 Bankverbindung: Raiffeisenbank Aare-Reuss in 5507 Mellingen oder via QR-Code einzahlen: Den  Jahresbeitrag sowie Spenden für den Natur- und Vogelschutzverein Stetten/Künten können Sie…

NAVOS Stetten / Künten

Erhalte Benachrichtigungen über neue Inhalte direkt per E-Mail. Willkommen auf unserer Homepage Aktuelles Aus dem Verein Die Heckenpflege findet am 26. September ab 08:00 im Gebiet Honert in Stetten statt. Die Nistkastenreinigung in Stetten findet am 17. Oktober statt. Treffpunkt: 13:00 Uhr beim Gemeindehaus Stetten Die Nistkastenreinigung in Künten findet…

Wir freuen uns über... Stetterinnen und Künter, über Künterinnen und Stetter, die zu einem lebendigen und zukunftsorientierten Umwelt- und Naturschutz um die Gemeinden Stetten und Künten beitragen möchten. Auch Interessierte aus umliegenden Gemeinden sind herzlich willkommen, im NAVOS mitzuwirken. Die Natur macht an den Gemeindegrenzen nicht Halt! helfende Hände! Möchten…
